{"id":2105,"date":"2025-12-01T00:00:20","date_gmt":"2025-12-01T05:00:20","guid":{"rendered":"https:\/\/erasmusinstitute.com.co\/?post_type=product&#038;p=2105"},"modified":"2026-04-14T12:04:32","modified_gmt":"2026-04-14T17:04:32","slug":"manejo-del-equipo-para-prueba-de-reles-omicron-cmc-356-2do-semestre","status":"publish","type":"product","link":"https:\/\/erasmusinstitute.com.co\/index.php\/product\/manejo-del-equipo-para-prueba-de-reles-omicron-cmc-356-2do-semestre\/","title":{"rendered":"Manejo de Equipo para Pruebas de Protecciones OMICRON CMC 356 (2do. semestre)"},"content":{"rendered":"<p><span style=\"color: #149139;\"><strong>Contenido<\/strong><\/span><\/p>\n<ul>\n<li>Introducci\u00f3n al Test Universe<\/li>\n<li>Configuracion: Asociaci\u00f3n Equipo de Prueba; Ajustes del Sistema; Manejo de Licencias; Selecci\u00f3n del Lenguaje<\/li>\n<li>Modulos de prueba: Quick CMC; Rampa; Secuencia de Estados; Tansplay; Sobrecorriente; Distancia; Recierre; Diferencial; Sincronizador<\/li>\n<li>Soporte: Tutoriales; Manuales; Ayuda; Tips y Trucos; Foro Omicron; Contactos; &#8211; Calibraci\u00f3n y Diagn\u00f3stico; Novedades; Personalizaci\u00f3n del Start Page<\/li>\n<li>Omicron control center: Abrir un Documento de Prueba; Existente; Abrir una Librer\u00eda; Abrir un Template; Documento Nuevo.<\/li>\n<li>Herramientas de prueba: Transplay; Harm\u00f3nicos; Monitoreo de Entradas y Salidas Verificaci\u00f3n de Polaridad; Caracter\u00edsticas Personalizadas; Verificaci\u00f3n Esquemas de Teleprotecci\u00f3n; Fuente Auxiliar DC<\/li>\n<\/ul>\n","protected":false},"excerpt":{"rendered":"<p><span style=\"color: #149139;\"><strong>Fecha:<\/strong><\/span><br \/>\nDiciembre 3 y 4 de 2026<br \/>\n<span style=\"color: #149139;\"><strong>Duraci\u00f3n:<\/strong><\/span><br \/>\n16 Horas<br \/>\n<span style=\"color: #149139;\"><strong>Horario:<\/strong><\/span><br \/>\n8:30 am a 5:30 pm los dos d\u00edas<br \/>\n<span style=\"color: #149139;\"><strong>Conferencista: <\/strong><\/span><br \/>\nIng. Juan Manuel Ramos Santos<br \/>\n<span style=\"color: #149139;\"><strong>Modalidades:<\/strong><\/span><br \/>\n<b>\u00b7 <\/b>Presencial, Bogot\u00e1<br \/>\n<b>\u00b7 <\/b>Virtual<\/p>\n","protected":false},"featured_media":353,"template":"","meta":{"site-sidebar-layout":"default","site-content-layout":"","ast-site-content-layout":"default","site-content-style":"default","site-sidebar-style":"default","ast-global-header-display":"","ast-banner-title-visibility":"","ast-main-header-display":"","ast-hfb-above-header-display":"","ast-hfb-below-header-display":"","ast-hfb-mobile-header-display":"","site-post-title":"","ast-breadcrumbs-content":"","ast-featured-img":"","footer-sml-layout":"","theme-transparent-header-meta":"default","adv-header-id-meta":"","stick-header-meta":"","header-above-stick-meta":"","header-main-stick-meta":"","header-below-stick-meta":"","astra-migrate-meta-layouts":"set","_joinchat":[]},"product_cat":[24],"product_tag":[],"_links":{"self":[{"href":"https:\/\/erasmusinstitute.com.co\/index.php\/wp-json\/wp\/v2\/product\/2105"}],"collection":[{"href":"https:\/\/erasmusinstitute.com.co\/index.php\/wp-json\/wp\/v2\/product"}],"about":[{"href":"https:\/\/erasmusinstitute.com.co\/index.php\/wp-json\/wp\/v2\/types\/product"}],"wp:featuredmedia":[{"embeddable":true,"href":"https:\/\/erasmusinstitute.com.co\/index.php\/wp-json\/wp\/v2\/media\/353"}],"wp:attachment":[{"href":"https:\/\/erasmusinstitute.com.co\/index.php\/wp-json\/wp\/v2\/media?parent=2105"}],"wp:term":[{"taxonomy":"product_cat","embeddable":true,"href":"https:\/\/erasmusinstitute.com.co\/index.php\/wp-json\/wp\/v2\/product_cat?post=2105"},{"taxonomy":"product_tag","embeddable":true,"href":"https:\/\/erasmusinstitute.com.co\/index.php\/wp-json\/wp\/v2\/product_tag?post=2105"}],"curies":[{"name":"wp","href":"https:\/\/api.w.org\/{rel}","templated":true}]}}