{"id":737,"date":"2025-05-15T00:00:21","date_gmt":"2025-05-15T05:00:21","guid":{"rendered":"https:\/\/erasmusinstruments.com\/ieperasmus\/?post_type=product&#038;p=737"},"modified":"2026-04-14T11:52:54","modified_gmt":"2026-04-14T16:52:54","slug":"protecciones-electricas-nivel-i","status":"publish","type":"product","link":"https:\/\/erasmusinstitute.com.co\/index.php\/product\/protecciones-electricas-nivel-i\/","title":{"rendered":"Protecciones el\u00e9ctricas nivel 1"},"content":{"rendered":"<p><span style=\"color: #149139;\"><strong>Contenido<\/strong><\/span><br \/>\n<strong><br \/>\nConceptos B\u00e1sicos Protecciones:<\/strong><\/p>\n<ul>\n<li>Introducci\u00f3n. Fallas m\u00e1s comunes: Cortocircuitos. Sobre y Baja tensi\u00f3n. Descargas Atmosf\u00e9ricas. Sobrecargas El\u00e9ctricas. Esfuerzos Mec\u00e1nicos (Motores). Requerimientos de las protecciones. Velocidad de respuesta. Selectividad. Seguridad. Confiabilidad. Nomenclatura IEEE. Protecci\u00f3n primaria y de respaldo. Zonas de cubrimiento de las protecciones. Transformadores de protecci\u00f3n y medida.<\/li>\n<\/ul>\n<p><strong>Protecci\u00f3n de Sobrecorriente:<\/strong><\/p>\n<ul>\n<li>Curvas de da\u00f1o t\u00e9rmico de equipos el\u00e9ctricos. Criterios para seleccionar los ajustes en un dispositivo de sobrecorriente. Criterios de coordinaci\u00f3n de protecciones por sobrecorriente. Curvas de Selectividad. Sobrecorriente de tierra. Criterios ajuste y coordinaci\u00f3n.<\/li>\n<\/ul>\n<p><strong>Elementos de Protecci\u00f3n de Sobrecorriente:<\/strong><\/p>\n<ul>\n<li>Rel\u00e9 de Sobrecorriente. Rel\u00e9 de protecci\u00f3n t\u00e9rmica de motores de inducci\u00f3n. Interruptores de Baja Tensi\u00f3n. Fusibles.<\/li>\n<\/ul>\n","protected":false},"excerpt":{"rendered":"<p><span style=\"color: #149139;\"><strong>Fecha:<\/strong><\/span><br \/>\nMayo 28 y 29 de 2026<br \/>\n<span style=\"color: #149139;\"><strong>Duraci\u00f3n:<\/strong><\/span><br \/>\n16 Horas<br \/>\n<span style=\"color: #149139;\"><strong>Horario:<\/strong><\/span><br \/>\n8:30 am a 5:30 pm<br \/>\n<span style=\"color: #149139;\"><strong>Conferencista: <\/strong><\/span><br \/>\nIng. Juan Manuel Ramos Santos<br \/>\n<span style=\"color: #149139;\"><strong>Modalidades:<\/strong><\/span><br \/>\n<b>\u00b7 <\/b>Presencial, Bogot\u00e1<br \/>\n<b>\u00b7 <\/b>Virtual<\/p>\n","protected":false},"featured_media":2925,"template":"","meta":{"site-sidebar-layout":"default","site-content-layout":"","ast-site-content-layout":"default","site-content-style":"default","site-sidebar-style":"default","ast-global-header-display":"","ast-banner-title-visibility":"","ast-main-header-display":"","ast-hfb-above-header-display":"","ast-hfb-below-header-display":"","ast-hfb-mobile-header-display":"","site-post-title":"","ast-breadcrumbs-content":"","ast-featured-img":"","footer-sml-layout":"","theme-transparent-header-meta":"default","adv-header-id-meta":"","stick-header-meta":"","header-above-stick-meta":"","header-main-stick-meta":"","header-below-stick-meta":"","astra-migrate-meta-layouts":"set","_joinchat":[]},"product_cat":[24],"product_tag":[],"_links":{"self":[{"href":"https:\/\/erasmusinstitute.com.co\/index.php\/wp-json\/wp\/v2\/product\/737"}],"collection":[{"href":"https:\/\/erasmusinstitute.com.co\/index.php\/wp-json\/wp\/v2\/product"}],"about":[{"href":"https:\/\/erasmusinstitute.com.co\/index.php\/wp-json\/wp\/v2\/types\/product"}],"wp:featuredmedia":[{"embeddable":true,"href":"https:\/\/erasmusinstitute.com.co\/index.php\/wp-json\/wp\/v2\/media\/2925"}],"wp:attachment":[{"href":"https:\/\/erasmusinstitute.com.co\/index.php\/wp-json\/wp\/v2\/media?parent=737"}],"wp:term":[{"taxonomy":"product_cat","embeddable":true,"href":"https:\/\/erasmusinstitute.com.co\/index.php\/wp-json\/wp\/v2\/product_cat?post=737"},{"taxonomy":"product_tag","embeddable":true,"href":"https:\/\/erasmusinstitute.com.co\/index.php\/wp-json\/wp\/v2\/product_tag?post=737"}],"curies":[{"name":"wp","href":"https:\/\/api.w.org\/{rel}","templated":true}]}}